{"id":492,"date":"2021-12-07T10:30:25","date_gmt":"2021-12-07T10:30:25","guid":{"rendered":"https:\/\/www.loviisanapteekki.fi\/?page_id=492"},"modified":"2021-12-10T11:16:51","modified_gmt":"2021-12-10T11:16:51","slug":"tietosuojaseloste","status":"publish","type":"page","link":"https:\/\/www.loviisanapteekki.fi\/index.php\/tietosuojaseloste\/","title":{"rendered":"Tietosuojaseloste"},"content":{"rendered":"\t\t<div data-elementor-type=\"wp-page\" data-elementor-id=\"492\" class=\"elementor elementor-492\">\n\t\t\t\t\t\t<section class=\"elementor-section elementor-top-section elementor-element elementor-element-699b38b elementor-section-boxed elementor-section-height-default elementor-section-height-default\" data-id=\"699b38b\" data-element_type=\"section\">\n\t\t\t\t\t\t<div class=\"elementor-container elementor-column-gap-default\">\n\t\t\t\t\t<div class=\"elementor-column elementor-col-100 elementor-top-column elementor-element elementor-element-97ab8c9\" data-id=\"97ab8c9\" data-element_type=\"column\">\n\t\t\t<div class=\"elementor-widget-wrap elementor-element-populated\">\n\t\t\t\t\t\t<div class=\"elementor-element elementor-element-21518a0 elementor-widget elementor-widget-text-editor\" data-id=\"21518a0\" data-element_type=\"widget\" data-widget_type=\"text-editor.default\">\n\t\t\t\t<div class=\"elementor-widget-container\">\n\t\t\t\t\t\t\t\t\t<section data-id=\"3b4bd3a\" data-element_type=\"section\"><div><div><div data-id=\"b3c5eee\" data-element_type=\"column\"><div><div><div data-id=\"3b86f0f\" data-element_type=\"widget\" data-widget_type=\"heading.default\"><div><h2>Loviisan Uusi apteekki<\/h2><\/div><\/div><\/div><\/div><\/div><\/div><\/div><\/section><section data-id=\"1dfccf6\" data-element_type=\"section\"><div><div><div data-id=\"29398ce\" data-element_type=\"column\"><div><div><div data-id=\"5463207\" data-element_type=\"widget\" data-widget_type=\"text-editor.default\"><div><div><p>P\u00e4ivitetty viimeksi: 7.12.2021<\/p><p><strong>Yleist\u00e4<\/strong><\/p><p>Jotta voimme palvella sinua parhaamme mukaan, edellytt\u00e4\u00e4 se ett\u00e4 ker\u00e4\u00e4mme ja k\u00e4sittelemme joitakin sinua koskevia tietoja. Arvostamme kuitenkin yksityisyytt\u00e4si ja olemme sitoutuneet suojaamaan sit\u00e4. T\u00e4m\u00e4 tietosuojaseloste sis\u00e4lt\u00e4\u00e4 tietoa mit\u00e4 henkil\u00f6tietoja ker\u00e4\u00e4mme, mill\u00e4 periaattein sit\u00e4 k\u00e4sittelemme, sek\u00e4 mit\u00e4 oikeuksia ja vaikuttamismahdollisuuksia sinulla on tietojasi koskien.<\/p><p>Loviisan Uusi Apteekki k\u00e4sittelee sinua koskevaa henkil\u00f6tietoa erityisesti palveluiden tarjoamisen yhteydess\u00e4 t\u00e4m\u00e4n tietosuojaselosteen ja sovellettavan lains\u00e4\u00e4d\u00e4nn\u00f6n mukaisesti, joten pyyd\u00e4mme sinua lukemaan t\u00e4m\u00e4n tietosuojaselosteen huolellisesti. Saatamme my\u00f6s tehd\u00e4 p\u00e4ivityksi\u00e4 t\u00e4h\u00e4n tietosuojaselosteeseen toimintamme kehittyess\u00e4 tai lains\u00e4\u00e4d\u00e4nn\u00f6n muuttuessa, joten pyyd\u00e4mme sinua k\u00e4ym\u00e4\u00e4n aika ajoin t\u00e4ll\u00e4 sivulla:<\/p><p><b>Mihin tarkoitukseen henkil\u00f6tietojani ker\u00e4t\u00e4\u00e4n ja k\u00e4sitell\u00e4\u00e4n?<\/b><\/p><p>Ker\u00e4\u00e4mme, s\u00e4ilyt\u00e4mme ja k\u00e4sittelemme sinua koskevia henkil\u00f6tietoja vain ennalta m\u00e4\u00e4riteltyihin tarkoituksiin. P\u00e4\u00e4asiallisia k\u00e4ytt\u00f6tarkoituksia ovat:<\/p><ul><li>asiakassuhteisiin liittyvien sopimusvelvoitteiden toteuttaminen ja sopimuksen valmisteleminen<\/li><li>asiakassuhteen hoitaminen<\/li><li>oikeudellisten velvoitteiden ja vaateiden t\u00e4ytt\u00e4miseksi<\/li><li>asiakasviestint\u00e4 ja yhteydenottopyynt\u00f6ihin vastaaminen<\/li><li>webinaareihin ja tapahtumiin osallistuvien henkil\u00f6iden ilmoittautumis- ja asiakastietojen k\u00e4sittely tapahtuman j\u00e4rjestely\u00e4 ja j\u00e4lkihoitotoimenpiteit\u00e4 varten<\/li><li>palvelun tarjoamiseen liittyv\u00e4n liiketoimintamme kehitt\u00e4minen ja palveluidemme kohdentaminen sinulle.<\/li><\/ul><p><b>Mit\u00e4 henkil\u00f6tietoja minusta ker\u00e4t\u00e4\u00e4n ja mist\u00e4 l\u00e4hteist\u00e4?<\/b><\/p><p>Ker\u00e4\u00e4mme sinua koskevia henkil\u00f6tietoja p\u00e4\u00e4asiassa sinulta itselt\u00e4si yhteydenottojen yhteydess\u00e4 tai my\u00f6hemmin palveluidemme k\u00e4yt\u00f6n yhteydess\u00e4.<\/p><p>Tyypillisesti saatamme saada suoraan sinulta seuraavia tietoja: ty\u00f6nantajayrityksen nimi, sinun nimesi, teht\u00e4v\u00e4nimike, puhelinnumero ja s\u00e4hk\u00f6postiosoite<\/p><p><b>Mill\u00e4 perusteella henkil\u00f6tietoja k\u00e4sitell\u00e4\u00e4n?<\/b><\/p><p>Huolehdimme siit\u00e4, ett\u00e4 meill\u00e4 on aina lain edellytt\u00e4m\u00e4 peruste henkil\u00f6tietojesi k\u00e4sittelemiselle. Saatamme k\u00e4sitell\u00e4 henkil\u00f6tietojasi usealla eri perusteella. K\u00e4sittelemme tietojasi sopimuksen t\u00e4yt\u00e4nt\u00f6\u00f6n panemiseksi ja oikeudellisten velvoitteiden t\u00e4ytt\u00e4miseksi.<\/p><p>K\u00e4sittelemme my\u00f6s henkil\u00f6tietojasi oikeutetun etumme nojalla, joita ovat erityisesti palveluidemme tarjoaminen ja liiketoimintamme harjoittaminen ja kehitt\u00e4minen sek\u00e4 henkil\u00f6tietojen k\u00e4sittely suoramarkkinointitarkoituksiin.<\/p><p>Suostumuksesi nojalla k\u00e4yt\u00e4mme s\u00e4hk\u00f6postiosoitettasi uutis- ja markkinointikirjeiden l\u00e4hett\u00e4miseen.<\/p><p><b>Kuka k\u00e4sittelee tietojani ja luovutetaanko niit\u00e4 kolmansille osapuolille?<\/b><\/p><p>P\u00e4\u00e4s\u00e4\u00e4nt\u00f6isesti henkil\u00f6tietojasi k\u00e4sittelee yrityksemme henkil\u00f6st\u00f6\u00f6n kuuluvat henkil\u00f6t teht\u00e4vi\u00e4\u00e4n suorittaessaan. K\u00e4yt\u00e4mme my\u00f6s palvelun toteuttamiseen yrityksemme toimintaan kiinte\u00e4sti kuuluvia alihankkijoita.<\/p><p>Huolehdimme heid\u00e4n kanssaan muun muassa sopimuksin siit\u00e4, ett\u00e4 tietojesi luottamuksellisuus s\u00e4ilyy ja tietoja k\u00e4sitell\u00e4\u00e4n my\u00f6s muutoin lainmukaisesti. Saatamme my\u00f6s luovuttaa tietoja muutoin sopimusvelvoitteiden t\u00e4ytt\u00e4miseksi taikka lain tai toimivaltaisen viranomaisen sit\u00e4 edellytt\u00e4ess\u00e4. Saatamme my\u00f6s luovuttaa tietojasi, mik\u00e4li olisimme osallisena yritys- tai liiketoimintakaupassa.<\/p><p><b>Luovutetaanko tietojani EU:n ulkopuolelle?<\/b><\/p><p>Henkil\u00f6tietojasi ei luovuteta EU:n ulkopuolelle. Mahdolliset luovutukset EU:n ulkopuolelle koskevat ainoastaan tilanteita mahdollisen yrityskaupan yhteydess\u00e4. Mik\u00e4li n\u00e4in tapahtuisi, huolehdimme siit\u00e4, ett\u00e4 tietojesi k\u00e4sittely, siirto ja tallennus toteutetaan lain edellytt\u00e4min perustein ja lain mukaisin riitt\u00e4vin suojamekanismein.<\/p><p><b>Kauanko henkil\u00f6tietojani s\u00e4ilytet\u00e4\u00e4n?<\/b><\/p><p>Emme s\u00e4ilyt\u00e4 henkil\u00f6tietojasi pidemp\u00e4\u00e4n kuin on tarpeellista niiden k\u00e4ytt\u00f6tarkoitukselle tai kuin sopimus tai laki vaatii. Henkil\u00f6tietojen s\u00e4ilytysajat voivat kuitenkin vaihdella k\u00e4ytt\u00f6tarkoituksesta ja tilanteesta riippuen. K\u00e4sittelemme henkil\u00f6tietoja v\u00e4hint\u00e4\u00e4n niin kauan, kuin asiakasyrityksell\u00e4 on k\u00e4ytt\u00e4ji\u00e4 ja sopimus on voimassa.<\/p><p>Tyypillisesti olemme s\u00e4ilytt\u00e4neet henkil\u00f6tietoja j\u00e4rjestelmiss\u00e4mme kuuden kuukauden ajan siit\u00e4, kun palvelumme k\u00e4ytt\u00f6\u00e4 koskeva kokeilujakso tai sopimus on p\u00e4\u00e4ttynyt.<\/p><p><b>Miten tietojani s\u00e4ilytet\u00e4\u00e4n ja suojataan?<\/b><\/p><p>Tietojasi s\u00e4ilytet\u00e4\u00e4n suomalaisen palveluntarjoajamme palvelimilla, jotka on suojattu alan yleisten k\u00e4yt\u00e4nt\u00f6jen mukaisesti. Ker\u00e4\u00e4m\u00e4mme ja k\u00e4sittelem\u00e4mme henkil\u00f6tiedot pidet\u00e4\u00e4n luottamuksellisina eik\u00e4 niit\u00e4 ilmaista muille kuin niit\u00e4 ty\u00f6ss\u00e4\u00e4n tarvitseville taikka luottamuksellisesti ja rajoitetusti sopimusten perusteella alihankkijoillemme, joita mahdollisesti k\u00e4yt\u00e4mme t\u00e4ss\u00e4 tietosuojaselosteessa mainittujen tarkoitusten toteuttamiseen. P\u00e4\u00e4sy henkil\u00f6tietoihisi on j\u00e4rjestelmiss\u00e4 suojattu k\u00e4ytt\u00e4j\u00e4kohtaisin tunnuksin, salasanoin ja k\u00e4ytt\u00f6oikeuksin. Toimitilamme ovat lukitut ja suojattu ulkopuolisilta.<\/p><p><b>Tietojen antamisen pakollisuus ja antamatta j\u00e4tt\u00e4misen seuraukset?<\/b><\/p><p>Jos et anna henkil\u00f6tietoja tai salli niiden k\u00e4sittely\u00e4, emme todenn\u00e4k\u00f6isesti pysty palvelemaan sinua ja t\u00e4ytt\u00e4m\u00e4\u00e4n toimintamme tarkoitusta. Niinp\u00e4 jos et halua ett\u00e4 k\u00e4sittelemme tietojasi t\u00e4m\u00e4n tietosuojaselosteen mukaisesti, pyyd\u00e4mme ett\u00e4 et toimita meille mit\u00e4\u00e4n tietoja ja k\u00e4yt\u00e4 palvelujamme.<\/p><p><b>K\u00e4ytet\u00e4\u00e4nk\u00f6 verkkosivulla ev\u00e4steit\u00e4 ja mit\u00e4 ne ovat?<\/b><\/p><p>K\u00e4yt\u00e4mme ev\u00e4steit\u00e4 ohjelmistossamme, jotta voisimme tarjota parhaan mahdollisen k\u00e4ytt\u00e4j\u00e4kokemuksen palvelun k\u00e4ytt\u00e4jille. Ev\u00e4steet ovat lyhyit\u00e4 tekstitiedostoja, jotka verkkopalvelin tallentaa k\u00e4ytt\u00e4j\u00e4n p\u00e4\u00e4telaitteelle. Ev\u00e4steet antavat meille tietoa siit\u00e4, miten k\u00e4ytt\u00e4j\u00e4t k\u00e4ytt\u00e4v\u00e4t verkkosivustoamme. Saatamme hy\u00f6dynt\u00e4\u00e4 ev\u00e4steit\u00e4 palvelumme kehitt\u00e4miseksi. Verkkosivuston k\u00e4ytt\u00e4j\u00e4 voi antaa suostumuksensa tai kielt\u00e4\u00e4 ev\u00e4steiden k\u00e4yt\u00f6n verkkoselaimensa asetuksista. Useimmat verkkoselaimet sallivat ev\u00e4steet automaattisesti. Huomaathan, ett\u00e4 ev\u00e4steiden est\u00e4minen saattaa merkitt\u00e4v\u00e4sti rajoittaa palvelumme toimivuutta tai jopa tehd\u00e4 siit\u00e4 toimimattoman.<\/p><p><b>Millaisia oikeuksia ja vaikutusmahdollisuuksia minulla on?<\/b><\/p><p><b>Suostumuksen peruuttaminen<\/b><\/p><p>Mik\u00e4li k\u00e4sittelemme tietojasi suostumuksesi perusteella, voit milloin tahansa peruuttaa suostumuksen ilmoittamalla siit\u00e4 meille, esimerkiksi l\u00e4hett\u00e4m\u00e4ll\u00e4 s\u00e4hk\u00f6postia osoitteeseen loviisan.uusiapteekki@apteekit.net tai puhelimitse.<\/p><p>Huomaathan, ett\u00e4 t\u00e4ss\u00e4 tilanteessa emme pysty palvelemaan sinua, joka voi vaikeuttaa ty\u00f6teht\u00e4viesi suorittamista.<\/p><p><b>P\u00e4\u00e4sy tietoihin<\/b><\/p><p>Sinulla on oikeus saada meilt\u00e4 vahvistus siit\u00e4, k\u00e4sittelemmek\u00f6 sinua koskevia henkil\u00f6tietoja sek\u00e4 saada tiet\u00e4\u00e4 mit\u00e4 sinua koskevia henkil\u00f6tietoja k\u00e4sittelemme. Lis\u00e4ksi sinulla on oikeus saada t\u00e4ydent\u00e4vi\u00e4 tietoja henkil\u00f6tietojesi k\u00e4sittelyn perusteista.<\/p><p><b>Oikeus saada virheet korjatuksi<\/b><\/p><p>Sinulla on oikeus pyyt\u00e4\u00e4, ett\u00e4 korjaamme sinua koskevat virheelliset tai vanhentuneet taikka muuten puutteelliset henkil\u00f6tiedot.<\/p><p><b>Oikeus kielt\u00e4\u00e4 suoramarkkinointi<\/b><\/p><p>Voit kielt\u00e4\u00e4 henkil\u00f6tietojesi k\u00e4sittelyn suoramarkkinointitarkoituksia varten l\u00e4hett\u00e4m\u00e4ll\u00e4 s\u00e4hk\u00f6postia osoitteeseen tai peruuttamalla uutiskirjeen tilauksen.<\/p><p><b>Oikeus vastustaa k\u00e4sittely\u00e4<\/b><\/p><p>Mik\u00e4li k\u00e4sittelemme henkil\u00f6tietojasi yleisen edun taikka oikeutetun etumme perusteella, sinulla on oikeus vastustaa sinua koskevien henkil\u00f6tietojen k\u00e4sittely\u00e4 silt\u00e4 osin, kuin k\u00e4sittelylle ei ole olemassa sellaista huomattavaa syyt\u00e4, joka syrj\u00e4ytt\u00e4isi sinun oikeutesi taikka k\u00e4sittely ei ole tarpeen oikeudellisen vaateen hoitamiseksi. Huomaathan, ett\u00e4 t\u00e4ss\u00e4 tilanteessa emme todenn\u00e4k\u00f6isesti pysty palvelemaan en\u00e4\u00e4 sinua.<\/p><p><b>Oikeus rajoittaa k\u00e4sittely\u00e4<\/b><\/p><p>Sinulla on tietyiss\u00e4 tilanteissa oikeus vaatia, ett\u00e4 rajoitamme henkil\u00f6tietojesi k\u00e4sittely\u00e4.<\/p><p><b>Oikeus saada tiedot siirretyksi<\/b><\/p><p>Mik\u00e4li olemme k\u00e4sitelleet tietojasi suostumuksesi perusteella tai sopimuksen t\u00e4ytt\u00e4miseksi, sinulla on oikeus saada meille s\u00e4hk\u00f6isesti toimittamasi tiedot yleisesti k\u00e4ytetyss\u00e4 muodossa, jotta tiedot voitaisiin siirt\u00e4\u00e4 toiselle palveluntarjoajalle.<\/p><p><b>Miten voin toteuttaa oikeuteni?<\/b><\/p><p>Voit toteuttaa edell\u00e4 kuvatut oikeutesi ottamalla meihin yhteytt\u00e4 esimerkiksi l\u00e4hett\u00e4m\u00e4ll\u00e4 s\u00e4hk\u00f6postia osoitteeseen loviisan.uusiapteekki@apteekit.net.<\/p><p><b>Voidaanko t\u00e4t\u00e4 tietosuojaselostetta p\u00e4ivitt\u00e4\u00e4?<\/b><\/p><p>Saatamme tehd\u00e4 p\u00e4ivityksi\u00e4 t\u00e4h\u00e4n tietosuojaselosteeseen toimintamme taikka tietosuojaperiaatteidemme muuttuessa. P\u00e4ivitykset voivat tulla ajankohtaisiksi my\u00f6s lains\u00e4\u00e4d\u00e4nn\u00f6n muuttuessa. Muutokset tulevat voimaan, kun olemme julkaisseet p\u00e4ivitetyn<\/p><p>tietosuojaselosteen. Pyyd\u00e4mmekin sinua siit\u00e4 syyst\u00e4 tutustumaan t\u00e4m\u00e4n tietosuojaselosteen sis\u00e4lt\u00f6\u00f6n s\u00e4\u00e4nn\u00f6llisin v\u00e4liajoin.<\/p><p><b>Mihin voin ottaa yhteytt\u00e4 tietosuoja-asioissa?<\/b><\/p><p><b>Yhteystiedot:<\/b><\/p><p>Loviisan Uusi Apteekki,<\/p><p>Arkkitehdintie 5,<\/p><p>07900 Loviisa<\/p><\/div><\/div><\/div><\/div><\/div><\/div><\/div><\/div><\/section>\t\t\t\t\t\t\t\t<\/div>\n\t\t\t\t<\/div>\n\t\t\t\t\t<\/div>\n\t\t<\/div>\n\t\t\t\t\t<\/div>\n\t\t<\/section>\n\t\t\t\t<\/div>\n\t\t","protected":false},"excerpt":{"rendered":"<p>Loviisan Uusi apteekki P\u00e4ivitetty viimeksi: 7.12.2021 Yleist\u00e4 Jotta voimme palvella sinua parhaamme mukaan, edellytt\u00e4\u00e4 se ett\u00e4 ker\u00e4\u00e4mme ja k\u00e4sittelemme joitakin sinua koskevia tietoja. Arvostamme kuitenkin yksityisyytt\u00e4si ja olemme sitoutuneet suojaamaan sit\u00e4. T\u00e4m\u00e4 tietosuojaseloste sis\u00e4lt\u00e4\u00e4 tietoa mit\u00e4 henkil\u00f6tietoja ker\u00e4\u00e4mme, mill\u00e4 periaattein sit\u00e4 k\u00e4sittelemme, sek\u00e4 mit\u00e4 oikeuksia ja vaikuttamismahdollisuuksia sinulla on tietojasi koskien. Loviisan Uusi Apteekki k\u00e4sittelee [&hellip;]<\/p>\n","protected":false},"author":2,"featured_media":0,"parent":0,"menu_order":0,"comment_status":"closed","ping_status":"closed","template":"elementor_canvas","meta":{"_monsterinsights_skip_tracking":false,"_monsterinsights_sitenote_active":false,"_monsterinsights_sitenote_note":"","_monsterinsights_sitenote_category":0,"ocean_post_layout":"","ocean_both_sidebars_style":"","ocean_both_sidebars_content_width":0,"ocean_both_sidebars_sidebars_width":0,"ocean_sidebar":"0","ocean_second_sidebar":"0","ocean_disable_margins":"enable","ocean_add_body_class":"","ocean_shortcode_before_top_bar":"","ocean_shortcode_after_top_bar":"","ocean_shortcode_before_header":"","ocean_shortcode_after_header":"","ocean_has_shortcode":"","ocean_shortcode_after_title":"","ocean_shortcode_before_footer_widgets":"","ocean_shortcode_after_footer_widgets":"","ocean_shortcode_before_footer_bottom":"","ocean_shortcode_after_footer_bottom":"","ocean_display_top_bar":"default","ocean_display_header":"default","ocean_header_style":"","ocean_center_header_left_menu":"0","ocean_custom_header_template":"0","ocean_custom_logo":0,"ocean_custom_retina_logo":0,"ocean_custom_logo_max_width":0,"ocean_custom_logo_tablet_max_width":0,"ocean_custom_logo_mobile_max_width":0,"ocean_custom_logo_max_height":0,"ocean_custom_logo_tablet_max_height":0,"ocean_custom_logo_mobile_max_height":0,"ocean_header_custom_menu":"0","ocean_menu_typo_font_family":"0","ocean_menu_typo_font_subset":"","ocean_menu_typo_font_size":0,"ocean_menu_typo_font_size_tablet":0,"ocean_menu_typo_font_size_mobile":0,"ocean_menu_typo_font_size_unit":"px","ocean_menu_typo_font_weight":"","ocean_menu_typo_font_weight_tablet":"","ocean_menu_typo_font_weight_mobile":"","ocean_menu_typo_transform":"","ocean_menu_typo_transform_tablet":"","ocean_menu_typo_transform_mobile":"","ocean_menu_typo_line_height":0,"ocean_menu_typo_line_height_tablet":0,"ocean_menu_typo_line_height_mobile":0,"ocean_menu_typo_line_height_unit":"","ocean_menu_typo_spacing":0,"ocean_menu_typo_spacing_tablet":0,"ocean_menu_typo_spacing_mobile":0,"ocean_menu_typo_spacing_unit":"","ocean_menu_link_color":"","ocean_menu_link_color_hover":"","ocean_menu_link_color_active":"","ocean_menu_link_background":"","ocean_menu_link_hover_background":"","ocean_menu_link_active_background":"","ocean_menu_social_links_bg":"","ocean_menu_social_hover_links_bg":"","ocean_menu_social_links_color":"","ocean_menu_social_hover_links_color":"","ocean_disable_title":"default","ocean_disable_heading":"default","ocean_post_title":"","ocean_post_subheading":"","ocean_post_title_style":"","ocean_post_title_background_color":"","ocean_post_title_background":0,"ocean_post_title_bg_image_position":"","ocean_post_title_bg_image_attachment":"","ocean_post_title_bg_image_repeat":"","ocean_post_title_bg_image_size":"","ocean_post_title_height":0,"ocean_post_title_bg_overlay":0.5,"ocean_post_title_bg_overlay_color":"","ocean_disable_breadcrumbs":"default","ocean_breadcrumbs_color":"","ocean_breadcrumbs_separator_color":"","ocean_breadcrumbs_links_color":"","ocean_breadcrumbs_links_hover_color":"","ocean_display_footer_widgets":"default","ocean_display_footer_bottom":"default","ocean_custom_footer_template":"0","footnotes":""},"class_list":["post-492","page","type-page","status-publish","hentry","entry"],"aioseo_notices":[],"_links":{"self":[{"href":"https:\/\/www.loviisanapteekki.fi\/index.php\/wp-json\/wp\/v2\/pages\/492","targetHints":{"allow":["GET"]}}],"collection":[{"href":"https:\/\/www.loviisanapteekki.fi\/index.php\/wp-json\/wp\/v2\/pages"}],"about":[{"href":"https:\/\/www.loviisanapteekki.fi\/index.php\/wp-json\/wp\/v2\/types\/page"}],"author":[{"embeddable":true,"href":"https:\/\/www.loviisanapteekki.fi\/index.php\/wp-json\/wp\/v2\/users\/2"}],"replies":[{"embeddable":true,"href":"https:\/\/www.loviisanapteekki.fi\/index.php\/wp-json\/wp\/v2\/comments?post=492"}],"version-history":[{"count":17,"href":"https:\/\/www.loviisanapteekki.fi\/index.php\/wp-json\/wp\/v2\/pages\/492\/revisions"}],"predecessor-version":[{"id":739,"href":"https:\/\/www.loviisanapteekki.fi\/index.php\/wp-json\/wp\/v2\/pages\/492\/revisions\/739"}],"wp:attachment":[{"href":"https:\/\/www.loviisanapteekki.fi\/index.php\/wp-json\/wp\/v2\/media?parent=492"}],"curies":[{"name":"wp","href":"https:\/\/api.w.org\/{rel}","templated":true}]}}